ate the remainder when 3770 is divided by b.
21
Let n(y) = 2*y**2 + 14*y - 94. Let f be n(-21). Let z = -446 + f. What is the remainder when z is divided by 1*13/(1 + 0)?
9
Suppose -32 = -r - 3*x + 298, 0 = 3*r + x - 1038. Calculate the remainder when r is divided by 32.
28
Let v(n) = 14*n**2 + 284*n + 93. What is the remainder when v(22) is divided by 7?
6
What is the remainder when 73 + (-6 - -5) + 7 is divided by 59?
20
Let o(h) = -4*h - 7. Let s(r) = -r**2 + 20. Let d be s(4). Suppose 2*t = 4*k - 2*t - 372, -k + 105 = -d*t. Calculate the remainder when k is divided by o(-4).
8
Calculate the remainder when 4015 is divided by 47 - (6*(-8)/96)/(3/(-36)).
38
Suppose -3*x - 278 = 181. Let a = x + 171. What is the remainder when 71 is divided by a?
17
Let o(a) = -a**3 - 2*a**2 - 11*a - 17. Let d be o(-4). Suppose -19*c - d = -192. Calculate the remainder when 41 is divided by c.
6
Let m = -86 - -86. Suppose -3*b + 47 + 28 = m. Calculate the remainder when 96 is divided by b.
21
Suppose 5*z + 3*q - 1541 = 0, 3*q + 618 = -3*z + 1551. Calculate the remainder when z is divided by 214.
90
Let w(d) = -18*d**3 + 8*d**2 + 6*d - 1. Calculate the remainder when 260 is divided by w(-1).
13
Suppose -39*t - 50 = 14*t - 845. Calculate the remainder when 108 is divided by t.
3
Suppose 8348*f = 8365*f - 2499. Calculate the remainder when f is divided by 43.
18
Let h(z) = 3*z**3 - 2*z**2 + 21*z - 79. What is the remainder when h(5) is divided by 34?
11
Suppose 137*t - 18262 = 15444 - 5347. Calculate the remainder when t is divided by 82.
43
Let c(b) = b**3 + 7*b**2 - 32*b + 2. Let t be c(-10). Suppose -t*a - 94 = -25*a - 2*v, -5*a = -v - 174. Calculate the remainder when 52 is divided by a.
18
Suppose 3*r + y = 52, -5*r + r = 3*y - 66. Calculate the remainder when 771 is divided by r.
15
Let q(t) = -56*t - 1137. Let l = 32 - -32. Calculate the remainder when q(-26) is divided by l.
63
Suppose 19614 = 169*r + 142*r - 55648. Let h = 62 + -12. What is the remainder when r is divided by h?
42
Suppose -3*j + 2633 = 4*t, -5*t + 1385 = 3*j - 1241. Calculate the remainder when 1776 is divided by j.
2
Suppose -12*g - 10*g + 112402 = -44832. What is the remainder when g is divided by 55?
52
Suppose 0 = -29*w + 24*w. Suppose -16*a + 156 + 100 = w. What is the remainder when a is divided by 8?
0
Suppose 0 = 3*z + 3*m - 48, -5*m - 56 = -z - 28. Calculate the remainder when z is divided by 7.
4
Let g = 507 + -320. Let z = -177 + g. Calculate the remainder when 198 is divided by z.
8
Suppose p + 5*i = 1, -245 = 515*p - 520*p + 5*i. Calculate the remainder when p is divided by (14/4)/((-1)/(-6)).
20
Let p(v) = 34*v**2 + 41*v + 287. Calculate the remainder when p(-7) is divided by 120.
106
Suppose 23*t + 27 + 19 = 0. What is the remainder when t - (-1973)/7 - 12/14 is divided by 20?
19
Let q(c) = -73 - 11*c - 76 - c**3 + 145 - 12*c**2. Let h be q(-11). Calculate the remainder when 18 is divided by (-5 - h) + 3 - -8.
8
Let c(k) = -5 + 0*k**2 - k**2 + 5 + 3*k + 4. Let t be c(3). Suppose -5*p = 4*d - 89, t*p + 3*d - 58 = 13. Calculate the remainder when 50 is divided by p.
16
Suppose -9*h = -6*h, -5*h = 2*i - 678. Suppose -i = -4*t + 433. Calculate the remainder when t is divided by 20.
13
Let y(d) be the second derivative of d**3/6 + 4*d**2 + 63*d. Calculate the remainder when 712/104 + 4/26 is divided by y(-5).
1
Suppose 5*u - 313 + 113 = 0. Let w(h) = 15*h**2 + h. Let m(l) = l**3 + 7*l**2 - l - 8. Let c be m(-7). What is the remainder when u is divided by w(c)?
12
Suppose 2*s + 68 = 5*w - 0*s, -3*w = -5*s - 37. Suppose -57*q + 448 = -53*q + 4*h, -334 = -3*q - h. What is the remainder when q is divided by w?
13
Let k(g) = -50*g - 19. Let i(a) = -20*a + 1176. What is the remainder when k(-9) is divided by i(57)?
35
Let t = 48 + -27. Let z(l) = 5*l**2 + l - 81. Let b(m) = 6*m**2 + m - 81. Let p(r) = 6*b(r) - 7*z(r). What is the remainder when p(0) is divided by t?
18
Let c = 1576 - 1441. What is the remainder when c/(-10)*(3 - 55/15) is divided by 4/(-10)*(-16 - -1)?
3
Suppose -57 - 115 = -4*c. Suppose 4*y = -35*g + 36*g - 107, 4*g - 452 = 4*y. Calculate the remainder when g is divided by c.
29
Calculate the remainder when -7 + -8*5/(-10) + 49 is divided by 164/6 - 16/(-24).
18
Let j = -120 - -120. Let p(m) = -2*m**3 - m + 15. What is the remainder when 27 is divided by p(j)?
12
Let s(h) = h**3 - 16*h**2 + 15*h + 19. Let l be s(15). Let y = l + -2. Calculate the remainder when 1840/28 - 8/(-28) is divided by y.
15
Suppose -4*r + 1089 = u, -34*r + 36*r = -6*u + 528. What is the remainder when r is divided by 29?
12
Let f(b) = b**2 - 4*b - 2. Let n(t) = -22606*t - 10 - 2*t**2 + 3*t**2 + 22619*t. Calculate the remainder when f(-7) is divided by n(-15).
15
Suppose 2*k + 28 - 16 = 0. What is the remainder when (-645)/k + 36/24 is divided by 37?
35
Let f = 1634 - 793. Suppose 0 = 4*j + 5*q - 631, 4*j - q - f + 204 = 0. Let i = -83 + 115. Calculate the remainder when j is divided by i.
31
Calculate the remainder when 2517 is divided by ((-125850)/2)/(-25) + -9.
9
Let a be (205 + -1 - 1)/(-8 - -7). Let d = a - -222. What is the remainder when 113 is divided by d?
18
Suppose 6*q = 16*q - 130. Suppose 0 = -f - f - 5*y + 7, 17 = 3*f + y. Calculate the remainder when q is divided by f.
1
Let v(a) = 5*a - 107. What is the remainder when -5*(-4)/20*39 is divided by v(25)?
3
Let c be 624/10 - 40/(-25). Suppose t = c + 67. What is the remainder when t is divided by 11?
10
Suppose -5*p - 20 = 0, 0 = -3*h + 5*p + 7172 + 3495. Calculate the remainder when h is divided by 25.
24
Let s(q) = -7*q**3 + 5*q**2 + 3*q + 1. Suppose 2*c + 94 = 5*t, -97 = 221*t - 222*t + 5*c. Calculate the remainder when s(-3) is divided by t.
10
Let k(w) = 4*w**3 + 27*w**2 + 17*w - 4. Let a be k(-6). Suppose -a*r - 5*v + 180 = -4*v, -270 = -3*r + 2*v. What is the remainder when r is divided by 13?
12
Let a(m) = 4*m - 92. Let h be a(23). Suppose 2*n - 4*g - 164 = -36, h = -5*n + 4*g + 320. What is the remainder when 143 is divided by n?
15
Suppose 74*x = 60*x + 4158. What is the remainder when x is divided by 206?
91
Let z = 14970 + -13369. Calculate the remainder when z is divided by 36.
17
Suppose 3*r - u = 118, -159*r + 163*r - 132 = -5*u. What is the remainder when 1931 is divided by r?
31
Let t(i) = -1189*i - 10653. What is the remainder when 1710 is divided by t(-9)?
30
Let m = -38 + 74. Suppose -987 = 20*u - 3087. Calculate the remainder when u is divided by m.
33
Let c(o) = 9*o - 88. Let m(q) = -q + 16. Let j be m(11). Suppose 2*g = 1 + j. Calculate the remainder when c(12) is divided by g.
2
Suppose 49 = 15*w + 4. Let m = 60 - w. What is the remainder when m is divided by 3?
0
Suppose -20*x = -1041 - 1068 - 951. Calculate the remainder when x is divided by 3 + 74/(3 + -1).
33
Suppose -295*z = 4*s - 296*z - 946, 3*z = -6. What is the remainder when 472 is divided by s?
0
Let r(y) = y**2 - 3*y + 1. Calculate the remainder when (73 + -74)*5/((-5)/149) is divided by r(6).
16
Let v = 34 - 46. Let x be (-3 + 2 - 0)*v. Let l = -2 + x. What is the remainder when 17 is divided by l?
7
Let z(m) = 29*m**2 - 60*m - 7. Calculate the remainder when z(3) is divided by 51.
23
Let q(y) = 124*y**2 + 5*y - 2. Let u be q(4). Suppose -r - u = -12*r. What is the remainder when 2/(-13) + 21504/r is divided by 12?
10
Let l = -75182 - -75241. Suppose 0 = -5*t + 5*p + 90, -5*p = 3*t - 6*t + 50. What is the remainder when l is divided by t?
19
Let n(p) = 6*p. Let y be n(12). Let j = -132 + y. Let c = j + 73. Calculate the remainder when 62 is divided by c.
10
Suppose 308*l - 310*l + 26 = -0. What is the remainder when 1259 is divided by l?
11
What is the remainder when ((63/(-27))/((-140)/(-360)))/((-2)/382) is divided by 121?
57
Let u(k) = -k**3 - 6*k**2 + 23*k + 86. What is the remainder when 195 is divided by u(-8)?
15
Let d(y) = -5*y + 47. Let i be d(9). Suppose -u = -5*q - 317, -u + 64 = i*q - 218. Calculate the remainder when u is divided by 42.
40
Suppose 21*u + 228 = 1761. Calculate the remainder when 2042 is divided by u.
71
Suppose -106*t + 11920 + 5464 = 0. Calculate the remainder when t is divided by 10.
4
Suppose 5*l = 4*m - 0*l - 5027, 5003 = 4*m + 3*l. What is the remainder when m is divided by 602?
49
Let f(i) = i + 10. Let